{"id":1106,"date":"2021-11-20T00:28:33","date_gmt":"2021-11-20T03:28:33","guid":{"rendered":"https:\/\/gafingenieria.ar\/?page_id=1106"},"modified":"2021-11-20T00:56:52","modified_gmt":"2021-11-20T03:56:52","slug":"nuestros-clientes","status":"publish","type":"page","link":"https:\/\/gafingenieria.ar\/index.php\/nuestros-clientes\/","title":{"rendered":"Nuestros Clientes"},"content":{"rendered":"\t\t<div data-elementor-type=\"wp-post\" data-elementor-id=\"1106\" class=\"elementor elementor-1106\">\n\t\t\t\t\t\t\t\t\t<section class=\"elementor-section elementor-top-section elementor-element elementor-element-631bd14 elementor-section-content-middle elementor-section-height-min-height elementor-section-boxed elementor-section-height-default elementor-section-items-middle\" data-id=\"631bd14\" data-element_type=\"section\" data-settings=\"{&quot;background_background&quot;:&quot;classic&quot;}\">\n\t\t\t\t\t\t\t<div class=\"elementor-background-overlay\"><\/div>\n\t\t\t\t\t\t\t<div class=\"elementor-container elementor-column-gap-no\">\n\t\t\t\t\t<div class=\"elementor-column elementor-col-100 elementor-top-column elementor-element elementor-element-0adc6d8\" data-id=\"0adc6d8\" data-element_type=\"column\">\n\t\t\t<div class=\"elementor-widget-wrap elementor-element-populated\">\n\t\t\t\t\t\t\t\t<div class=\"elementor-element elementor-element-69f8460 elementor-widget elementor-widget-heading\" data-id=\"69f8460\" data-element_type=\"widget\" data-widget_type=\"heading.default\">\n\t\t\t\t<div class=\"elementor-widget-container\">\n\t\t\t<style>\/*! elementor - v3.6.5 - 27-04-2022 *\/\n.elementor-heading-title{padding:0;margin:0;line-height:1}.elementor-widget-heading .elementor-heading-title[class*=elementor-size-]>a{color:inherit;font-size:inherit;line-height:inherit}.elementor-widget-heading .elementor-heading-title.elementor-size-small{font-size:15px}.elementor-widget-heading .elementor-heading-title.elementor-size-medium{font-size:19px}.elementor-widget-heading .elementor-heading-title.elementor-size-large{font-size:29px}.elementor-widget-heading .elementor-heading-title.elementor-size-xl{font-size:39px}.elementor-widget-heading .elementor-heading-title.elementor-size-xxl{font-size:59px}<\/style><h1 class=\"elementor-heading-title elementor-size-default\">Nuestros clientes<\/h1>\t\t<\/div>\n\t\t\t\t<\/div>\n\t\t\t\t\t<\/div>\n\t\t<\/div>\n\t\t\t\t\t\t\t<\/div>\n\t\t<\/section>\n\t\t\t\t<section class=\"elementor-section elementor-top-section elementor-element elementor-element-cefe040 elementor-section-boxed elementor-section-height-default elementor-section-height-default\" data-id=\"cefe040\" data-element_type=\"section\">\n\t\t\t\t\t\t<div class=\"elementor-container elementor-column-gap-default\">\n\t\t\t\t\t<div class=\"elementor-column elementor-col-20 elementor-top-column elementor-element elementor-element-df18802\" data-id=\"df18802\" data-element_type=\"column\">\n\t\t\t<div class=\"elementor-widget-wrap elementor-element-populated\">\n\t\t\t\t\t\t\t\t<div class=\"elementor-element elementor-element-8b87e33 elementor-position-top elementor-vertical-align-top elementor-widget elementor-widget-image-box\" data-id=\"8b87e33\" data-element_type=\"widget\" data-widget_type=\"image-box.default\">\n\t\t\t\t<div class=\"elementor-widget-container\">\n\t\t\t<style>\/*! elementor - v3.6.5 - 27-04-2022 *\/\n.elementor-widget-image-box .elementor-image-box-content{width:100%}@media (min-width:768px){.elementor-widget-image-box.elementor-position-left .elementor-image-box-wrapper,.elementor-widget-image-box.elementor-position-right .elementor-image-box-wrapper{display:-webkit-box;display:-ms-flexbox;display:flex}.elementor-widget-image-box.elementor-position-right .elementor-image-box-wrapper{text-align:right;-webkit-box-orient:horizontal;-webkit-box-direction:reverse;-ms-flex-direction:row-reverse;flex-direction:row-reverse}.elementor-widget-image-box.elementor-position-left .elementor-image-box-wrapper{text-align:left;-webkit-box-orient:horizontal;-webkit-box-direction:normal;-ms-flex-direction:row;flex-direction:row}.elementor-widget-image-box.elementor-position-top .elementor-image-box-img{margin:auto}.elementor-widget-image-box.elementor-vertical-align-top .elementor-image-box-wrapper{-webkit-box-align:start;-ms-flex-align:start;align-items:flex-start}.elementor-widget-image-box.elementor-vertical-align-middle .elementor-image-box-wrapper{-webkit-box-align:center;-ms-flex-align:center;align-items:center}.elementor-widget-image-box.elementor-vertical-align-bottom .elementor-image-box-wrapper{-webkit-box-align:end;-ms-flex-align:end;align-items:flex-end}}@media (max-width:767px){.elementor-widget-image-box .elementor-image-box-img{margin-left:auto!important;margin-right:auto!important;margin-bottom:15px}}.elementor-widget-image-box .elementor-image-box-img{display:inline-block}.elementor-widget-image-box .elementor-image-box-title a{color:inherit}.elementor-widget-image-box .elementor-image-box-wrapper{text-align:center}.elementor-widget-image-box .elementor-image-box-description{margin:0}<\/style><div class=\"elementor-image-box-wrapper\"><figure class=\"elementor-image-box-img\"><img loading=\"lazy\" decoding=\"async\" width=\"301\" height=\"150\" src=\"https:\/\/i0.wp.com\/gafingenieria.ar\/wp-content\/uploads\/2021\/11\/GAUCHOMIX-1.jpg?fit=301%2C150&amp;ssl=1\" class=\"attachment-full size-full\" alt=\"\" \/><\/figure><div class=\"elementor-image-box-content\"><h3 class=\"elementor-image-box-title\">GAUCHOMIX<\/h3><p class=\"elementor-image-box-description\">Asesoramiento en higiene y seguridad- mediciones <\/p><\/div><\/div>\t\t<\/div>\n\t\t\t\t<\/div>\n\t\t\t\t\t<\/div>\n\t\t<\/div>\n\t\t\t\t<div class=\"elementor-column elementor-col-20 elementor-top-column elementor-element elementor-element-4dc0f23\" data-id=\"4dc0f23\" data-element_type=\"column\">\n\t\t\t<div class=\"elementor-widget-wrap elementor-element-populated\">\n\t\t\t\t\t\t\t\t<div class=\"elementor-element elementor-element-64b2b54 elementor-position-top elementor-vertical-align-top elementor-widget elementor-widget-image-box\" data-id=\"64b2b54\" data-element_type=\"widget\" data-widget_type=\"image-box.default\">\n\t\t\t\t<div class=\"elementor-widget-container\">\n\t\t\t<div class=\"elementor-image-box-wrapper\"><figure class=\"elementor-image-box-img\"><img loading=\"lazy\" decoding=\"async\" width=\"301\" height=\"150\" src=\"https:\/\/i0.wp.com\/gafingenieria.ar\/wp-content\/uploads\/2021\/11\/CERAMICA-BLANCA.jpg?fit=301%2C150&amp;ssl=1\" class=\"attachment-full size-full\" alt=\"\" \/><\/figure><div class=\"elementor-image-box-content\"><h3 class=\"elementor-image-box-title\">CERAMICA BLANCA<\/h3><p class=\"elementor-image-box-description\">Optimizaci\u00f3n de procesos productivos<\/p><\/div><\/div>\t\t<\/div>\n\t\t\t\t<\/div>\n\t\t\t\t\t<\/div>\n\t\t<\/div>\n\t\t\t\t<div class=\"elementor-column elementor-col-20 elementor-top-column elementor-element elementor-element-63380c9\" data-id=\"63380c9\" data-element_type=\"column\">\n\t\t\t<div class=\"elementor-widget-wrap elementor-element-populated\">\n\t\t\t\t\t\t\t\t<div class=\"elementor-element elementor-element-4d7e609 elementor-position-top elementor-vertical-align-top elementor-widget elementor-widget-image-box\" data-id=\"4d7e609\" data-element_type=\"widget\" data-widget_type=\"image-box.default\">\n\t\t\t\t<div class=\"elementor-widget-container\">\n\t\t\t<div class=\"elementor-image-box-wrapper\"><figure class=\"elementor-image-box-img\"><img loading=\"lazy\" decoding=\"async\" width=\"301\" height=\"150\" src=\"https:\/\/i0.wp.com\/gafingenieria.ar\/wp-content\/uploads\/2021\/11\/PRODULAC.jpg?fit=301%2C150&amp;ssl=1\" class=\"attachment-full size-full\" alt=\"\" \/><\/figure><div class=\"elementor-image-box-content\"><h3 class=\"elementor-image-box-title\">PRODULAC<\/h3><p class=\"elementor-image-box-description\">Asesoramiento en higiene y seguridad- mediciones<\/p><\/div><\/div>\t\t<\/div>\n\t\t\t\t<\/div>\n\t\t\t\t\t<\/div>\n\t\t<\/div>\n\t\t\t\t<div class=\"elementor-column elementor-col-20 elementor-top-column elementor-element elementor-element-71167eb\" data-id=\"71167eb\" data-element_type=\"column\">\n\t\t\t<div class=\"elementor-widget-wrap elementor-element-populated\">\n\t\t\t\t\t\t\t\t<div class=\"elementor-element elementor-element-3cdd500 elementor-position-top elementor-vertical-align-top elementor-widget elementor-widget-image-box\" data-id=\"3cdd500\" data-element_type=\"widget\" data-widget_type=\"image-box.default\">\n\t\t\t\t<div class=\"elementor-widget-container\">\n\t\t\t<div class=\"elementor-image-box-wrapper\"><figure class=\"elementor-image-box-img\"><img loading=\"lazy\" decoding=\"async\" width=\"301\" height=\"150\" src=\"https:\/\/i0.wp.com\/gafingenieria.ar\/wp-content\/uploads\/2021\/11\/Sin-titulo.jpg?fit=301%2C150&amp;ssl=1\" class=\"attachment-full size-full\" alt=\"\" \/><\/figure><div class=\"elementor-image-box-content\"><h3 class=\"elementor-image-box-title\">AXION<\/h3><p class=\"elementor-image-box-description\">Asesoramiento en higiene y seguridad- mediciones <\/p><\/div><\/div>\t\t<\/div>\n\t\t\t\t<\/div>\n\t\t\t\t\t<\/div>\n\t\t<\/div>\n\t\t\t\t<div class=\"elementor-column elementor-col-20 elementor-top-column elementor-element elementor-element-0eb7228\" data-id=\"0eb7228\" data-element_type=\"column\">\n\t\t\t<div class=\"elementor-widget-wrap elementor-element-populated\">\n\t\t\t\t\t\t\t\t<div class=\"elementor-element elementor-element-8b2f997 elementor-position-top elementor-vertical-align-top elementor-widget elementor-widget-image-box\" data-id=\"8b2f997\" data-element_type=\"widget\" data-widget_type=\"image-box.default\">\n\t\t\t\t<div class=\"elementor-widget-container\">\n\t\t\t<div class=\"elementor-image-box-wrapper\"><figure class=\"elementor-image-box-img\"><img loading=\"lazy\" decoding=\"async\" width=\"301\" height=\"150\" src=\"https:\/\/i0.wp.com\/gafingenieria.ar\/wp-content\/uploads\/2021\/11\/SULVAT.jpg?fit=301%2C150&amp;ssl=1\" class=\"attachment-full size-full\" alt=\"\" \/><\/figure><div class=\"elementor-image-box-content\"><h3 class=\"elementor-image-box-title\">SULVAT<\/h3><p class=\"elementor-image-box-description\">Asesoramiento en higiene y seguridad- mediciones- implementaci\u00f3n Sistema de Gesti\u00f3n de la Calidad<\/p><\/div><\/div>\t\t<\/div>\n\t\t\t\t<\/div>\n\t\t\t\t\t<\/div>\n\t\t<\/div>\n\t\t\t\t\t\t\t<\/div>\n\t\t<\/section>\n\t\t\t\t<section class=\"elementor-section elementor-top-section elementor-element elementor-element-3e3905c elementor-section-boxed elementor-section-height-default elementor-section-height-default\" data-id=\"3e3905c\" data-element_type=\"section\">\n\t\t\t\t\t\t<div class=\"elementor-container elementor-column-gap-default\">\n\t\t\t\t\t<div class=\"elementor-column elementor-col-100 elementor-top-column elementor-element elementor-element-58e1b3d\" data-id=\"58e1b3d\" data-element_type=\"column\">\n\t\t\t<div class=\"elementor-widget-wrap elementor-element-populated\">\n\t\t\t\t\t\t\t\t<div class=\"elementor-element elementor-element-5a27ca7 elementor-widget elementor-widget-text-editor\" data-id=\"5a27ca7\" data-element_type=\"widget\" data-widget_type=\"text-editor.default\">\n\t\t\t\t<div class=\"elementor-widget-container\">\n\t\t\t<style>\/*! elementor - v3.6.5 - 27-04-2022 *\/\n.elementor-widget-text-editor.elementor-drop-cap-view-stacked .elementor-drop-cap{background-color:#818a91;color:#fff}.elementor-widget-text-editor.elementor-drop-cap-view-framed .elementor-drop-cap{color:#818a91;border:3px solid;background-color:transparent}.elementor-widget-text-editor:not(.elementor-drop-cap-view-default) .elementor-drop-cap{margin-top:8px}.elementor-widget-text-editor:not(.elementor-drop-cap-view-default) .elementor-drop-cap-letter{width:1em;height:1em}.elementor-widget-text-editor .elementor-drop-cap{float:left;text-align:center;line-height:1;font-size:50px}.elementor-widget-text-editor .elementor-drop-cap-letter{display:inline-block}<\/style>\t\t\t\t<p>Informes T\u00e9cnicos para habilitaciones municipales- provinciales:<\/p><ul><li>Cooperativa de provision de servicios productores agr\u00edcolas (COOPSAPA)<\/li><li>Asocaci\u00f3n Civil Nuestra Tierra<\/li><li>Barros Argentinos<\/li><li>Quiero mio<\/li><li>Gimnasio Impulse<\/li><li>Instituto de Educacion Superior Tandil<\/li><li>Negro Mercado<\/li><li>Defabryca<\/li><li>Farmacia del Centro<\/li><li>Oficinas gaucho Mix<\/li><li>Heladeria Iglu (suc. Actis)<\/li><li>Maderera \u201c San Jorge\u201d<\/li><li>Local Magher Tandil<\/li><li>Pintureria Mimetizzarte<\/li><li>Oficinas OSPE Tandil<\/li><li>Panaderia La Reina<\/li><li>Punto BLU<\/li><li>Ramona Pizzas.<\/li><li>Rotiser\u00eda La Family<\/li><li>Autoservicio mayorista El Gaucho<\/li><li>Ecologica Tandil<\/li><li>Talleres SIVORI<\/li><li>Quesos de oveja ZAMPA<\/li><li>Establecimiento PIT Quimica Essig s.r.l.<\/li><li>Instituto de otorrinolaringolog\u00eda Tandil<\/li><li>Salon AOMA Barquer<\/li><\/ul>\t\t\t\t\t\t<\/div>\n\t\t\t\t<\/div>\n\t\t\t\t\t<\/div>\n\t\t<\/div>\n\t\t\t\t\t\t\t<\/div>\n\t\t<\/section>\n\t\t\t\t\t\t\t<\/div>\n\t\t","protected":false},"excerpt":{"rendered":"<p>Nuestros clientes GAUCHOMIX Asesoramiento en higiene y seguridad- mediciones CERAMICA BLANCA Optimizaci\u00f3n de procesos productivos PRODULAC Asesoramiento en higiene y seguridad- mediciones AXION Asesoramiento en higiene y seguridad- mediciones SULVAT Asesoramiento en higiene y seguridad- mediciones- implementaci\u00f3n Sistema de Gesti\u00f3n de la Calidad Informes T\u00e9cnicos para habilitaciones municipales- provinciales: Cooperativa de provision de servicios productores &hellip;<\/p>\n<p class=\"read-more\"> <a class=\"\" href=\"https:\/\/gafingenieria.ar\/index.php\/nuestros-clientes\/\"> <span class=\"screen-reader-text\">Nuestros Clientes<\/span> Leer m\u00e1s &raquo;<\/a><\/p>\n","protected":false},"author":1,"featured_media":0,"parent":0,"menu_order":0,"comment_status":"closed","ping_status":"closed","template":"","meta":{"spay_email":"","_joinchat":[],"footnotes":""},"class_list":["post-1106","page","type-page","status-publish","hentry"],"jetpack-related-posts":[{"id":724,"url":"https:\/\/gafingenieria.ar\/index.php\/seguridad-e-higiene\/","url_meta":{"origin":1106,"position":0},"title":"Seguridad e higiene","date":"15 octubre, 2021","format":false,"excerpt":"Seguridad e higiene - Servicio de higiene y seguridad en el trabajo:Asesoramiento profesional a Industrias, Comercios, Agro, Construcci\u00f3n, Telecomunicaciones.Prevenci\u00f3n de riesgos espec\u00edficos.- Mediciones de ambientes de trabajo:Medici\u00f3n, an\u00e1lisis e informe de ambientes presentes en los distintos puestos de trabajo o la exposici\u00f3n de trabajadores a los diferentes factores de riesgo.\u2026","rel":"","context":"Entrada similar ","img":{"alt_text":"","src":"","width":0,"height":0},"classes":[]},{"id":22,"url":"https:\/\/gafingenieria.ar\/index.php\/mediciones\/","url_meta":{"origin":1106,"position":1},"title":"Medici\u00f3nes","date":"26 noviembre, 2018","format":false,"excerpt":"Mediciones - Mediciones de ruido:Realizamos las mediciones seg\u00fan Protocolo de ruido: este protocolo se encuentra establecido en\u00a0Resoluci\u00f3n SRT N\u00ba 85\/12\u00a0y es de realizaci\u00f3n obligatoria para todos aquellos que deban medir el nivel de ruido en ambiente laboral.EPP: Esta medici\u00f3n se realiza con son\u00f3metro integrador de manera de obtener el nivel\u2026","rel":"","context":"Entrada similar ","img":{"alt_text":"","src":"","width":0,"height":0},"classes":[]},{"id":20,"url":"https:\/\/gafingenieria.ar\/","url_meta":{"origin":1106,"position":2},"title":"Inicio","date":"26 noviembre, 2018","format":false,"excerpt":"servicio de consultor\u00eda profesional a industrias, comercios, agro y construcci\u00f3n Nuestros Servicios Servicios de la energ\u00eda Proyecto, Direcci\u00f3n T\u00e9cnica y Ejecutiva de Obras El\u00e9ctricas y Electromec\u00e1nicas en Baja (220\/380V) y Media Tensi\u00f3n (13,2 y 33kV) Conoce m\u00e1s Seguridad e higiene Servicio de higiene y seguridad en el trabajo, mediciones de\u2026","rel":"","context":"Entrada similar ","img":{"alt_text":"","src":"https:\/\/i0.wp.com\/gafingenieria.ar\/wp-content\/uploads\/2021\/11\/logo-todo-blanco.png?resize=350%2C200&ssl=1","width":350,"height":200},"classes":[]},{"id":534,"url":"https:\/\/gafingenieria.ar\/index.php\/servicios-de-la-energia\/","url_meta":{"origin":1106,"position":3},"title":"Servicios de la energ\u00eda","date":"13 octubre, 2021","format":false,"excerpt":"Servicios de la energ\u00eda Proyecto, Direcci\u00f3n T\u00e9cnica y Ejecutiva de Obras El\u00e9ctricas y Electromec\u00e1nicas en Baja (220\/380V) y Media Tensi\u00f3n (13,2 y 33kV): Contempla redes el\u00e9ctricas de todo tipo, inclu\u00eddas l\u00edneas rurales trif\u00e1sicas y retorno monof\u00e1sico por tierra (MRT), Subestaciones de rebaje 33\/13,2kV y de distribuci\u00f3n de 13,2\/33 kV a\u2026","rel":"","context":"Entrada similar ","img":{"alt_text":"","src":"","width":0,"height":0},"classes":[]},{"id":21,"url":"https:\/\/gafingenieria.ar\/index.php\/nosotros\/","url_meta":{"origin":1106,"position":4},"title":"Nosotros","date":"26 noviembre, 2018","format":false,"excerpt":"Nosotros Ing. Fabricio StamponeFormaci\u00f3n: Ing. Electromec\u00e1nico (Fac. de Ingenieria-U.N.C.P.B.A) \/ Diplomatura en energias renovables (Fac. de Ingenieria-U.N.C.P.B.A) Linkedin Ing. Ma. Giannina PastorFormaci\u00f3n: Ing. Qu\u00edmica (Fac. de Ingenieria-U.N.C.P.B.A) Ing. En Seguridad e Higiene en el trabajo (Fac. de Ingenier\u00eda-U.N.C.P.B.A) especialista en Calidad Industrial (INCALIN-INTI) Linkedin Lic. Luciana NogarFormaci\u00f3n: Lic. En diagn\u00f3stico\u2026","rel":"","context":"Entrada similar ","img":{"alt_text":"","src":"","width":0,"height":0},"classes":[]}],"_links":{"self":[{"href":"https:\/\/gafingenieria.ar\/index.php\/wp-json\/wp\/v2\/pages\/1106","targetHints":{"allow":["GET"]}}],"collection":[{"href":"https:\/\/gafingenieria.ar\/index.php\/wp-json\/wp\/v2\/pages"}],"about":[{"href":"https:\/\/gafingenieria.ar\/index.php\/wp-json\/wp\/v2\/types\/page"}],"author":[{"embeddable":true,"href":"https:\/\/gafingenieria.ar\/index.php\/wp-json\/wp\/v2\/users\/1"}],"replies":[{"embeddable":true,"href":"https:\/\/gafingenieria.ar\/index.php\/wp-json\/wp\/v2\/comments?post=1106"}],"version-history":[{"count":7,"href":"https:\/\/gafingenieria.ar\/index.php\/wp-json\/wp\/v2\/pages\/1106\/revisions"}],"predecessor-version":[{"id":1135,"href":"https:\/\/gafingenieria.ar\/index.php\/wp-json\/wp\/v2\/pages\/1106\/revisions\/1135"}],"wp:attachment":[{"href":"https:\/\/gafingenieria.ar\/index.php\/wp-json\/wp\/v2\/media?parent=1106"}],"curies":[{"name":"wp","href":"https:\/\/api.w.org\/{rel}","templated":true}]}}