{"id":22,"date":"2018-11-26T12:46:25","date_gmt":"2018-11-26T15:46:25","guid":{"rendered":"https:\/\/gafingenieria.ar\/index.php\/product\/"},"modified":"2022-06-05T17:52:25","modified_gmt":"2022-06-05T20:52:25","slug":"mediciones","status":"publish","type":"page","link":"https:\/\/gafingenieria.ar\/index.php\/mediciones\/","title":{"rendered":"Medici\u00f3nes"},"content":{"rendered":"\t\t<div data-elementor-type=\"wp-post\" data-elementor-id=\"22\" class=\"elementor elementor-22\">\n\t\t\t\t\t\t\t\t\t<section class=\"elementor-section elementor-top-section elementor-element elementor-element-631bd14 elementor-section-content-middle elementor-section-height-min-height elementor-section-boxed elementor-section-height-default elementor-section-items-middle\" data-id=\"631bd14\" data-element_type=\"section\" data-settings=\"{&quot;background_background&quot;:&quot;classic&quot;}\">\n\t\t\t\t\t\t\t<div class=\"elementor-background-overlay\"><\/div>\n\t\t\t\t\t\t\t<div class=\"elementor-container elementor-column-gap-no\">\n\t\t\t\t\t<div class=\"elementor-column elementor-col-100 elementor-top-column elementor-element elementor-element-0adc6d8\" data-id=\"0adc6d8\" data-element_type=\"column\">\n\t\t\t<div class=\"elementor-widget-wrap elementor-element-populated\">\n\t\t\t\t\t\t\t\t<div class=\"elementor-element elementor-element-69f8460 elementor-widget elementor-widget-heading\" data-id=\"69f8460\" data-element_type=\"widget\" data-widget_type=\"heading.default\">\n\t\t\t\t<div class=\"elementor-widget-container\">\n\t\t\t<style>\/*! elementor - v3.6.5 - 27-04-2022 *\/\n.elementor-heading-title{padding:0;margin:0;line-height:1}.elementor-widget-heading .elementor-heading-title[class*=elementor-size-]>a{color:inherit;font-size:inherit;line-height:inherit}.elementor-widget-heading .elementor-heading-title.elementor-size-small{font-size:15px}.elementor-widget-heading .elementor-heading-title.elementor-size-medium{font-size:19px}.elementor-widget-heading .elementor-heading-title.elementor-size-large{font-size:29px}.elementor-widget-heading .elementor-heading-title.elementor-size-xl{font-size:39px}.elementor-widget-heading .elementor-heading-title.elementor-size-xxl{font-size:59px}<\/style><h1 class=\"elementor-heading-title elementor-size-default\">Mediciones<\/h1>\t\t<\/div>\n\t\t\t\t<\/div>\n\t\t\t\t\t<\/div>\n\t\t<\/div>\n\t\t\t\t\t\t\t<\/div>\n\t\t<\/section>\n\t\t\t\t<section class=\"elementor-section elementor-top-section elementor-element elementor-element-3e3905c elementor-section-boxed elementor-section-height-default elementor-section-height-default\" data-id=\"3e3905c\" data-element_type=\"section\">\n\t\t\t\t\t\t<div class=\"elementor-container elementor-column-gap-default\">\n\t\t\t\t\t<div class=\"elementor-column elementor-col-100 elementor-top-column elementor-element elementor-element-58e1b3d\" data-id=\"58e1b3d\" data-element_type=\"column\">\n\t\t\t<div class=\"elementor-widget-wrap elementor-element-populated\">\n\t\t\t\t\t\t\t\t<div class=\"elementor-element elementor-element-5a27ca7 elementor-widget elementor-widget-text-editor\" data-id=\"5a27ca7\" data-element_type=\"widget\" data-widget_type=\"text-editor.default\">\n\t\t\t\t<div class=\"elementor-widget-container\">\n\t\t\t<style>\/*! elementor - v3.6.5 - 27-04-2022 *\/\n.elementor-widget-text-editor.elementor-drop-cap-view-stacked .elementor-drop-cap{background-color:#818a91;color:#fff}.elementor-widget-text-editor.elementor-drop-cap-view-framed .elementor-drop-cap{color:#818a91;border:3px solid;background-color:transparent}.elementor-widget-text-editor:not(.elementor-drop-cap-view-default) .elementor-drop-cap{margin-top:8px}.elementor-widget-text-editor:not(.elementor-drop-cap-view-default) .elementor-drop-cap-letter{width:1em;height:1em}.elementor-widget-text-editor .elementor-drop-cap{float:left;text-align:center;line-height:1;font-size:50px}.elementor-widget-text-editor .elementor-drop-cap-letter{display:inline-block}<\/style>\t\t\t\t<p><b><u>&#8211; Mediciones de ruido:<\/u><\/b><br \/>Realizamos las mediciones seg\u00fan Protocolo de ruido: este protocolo se encuentra establecido en\u00a0<span style=\"color: #ff6600;\"><a style=\"color: #ff6600;\" href=\"https:\/\/www.srt.gob.ar\/wp-content\/uploads\/2014\/03\/images_pdf_Rs85-12_Protocolo_Ruido.PDF\" target=\"_blank\" rel=\"noopener\"><b><span style=\"text-decoration: underline;\">Resoluci\u00f3n SRT N\u00ba 85\/12<\/span><\/b><\/a><\/span>\u00a0y es de realizaci\u00f3n obligatoria para todos aquellos que deban medir el nivel de ruido en ambiente laboral.<br \/>EPP: Esta medici\u00f3n se realiza con son\u00f3metro integrador de manera de obtener el nivel sonoro continuo equivalente en bandas de octava. Esto permite establecer el elemento de protecci\u00f3n m\u00e1s adecuado para la tarea y\/o el puesto de trabajo evaluado.-<\/p><p><u><b>&#8211; Medici\u00f3n de iluminaci\u00f3n:<\/b><\/u><br \/>Realizamos las mediciones de acuerdo a Protocolo de iluminaci\u00f3n: este protocolo se encuentra establecido en <span style=\"text-decoration: underline;\"><a href=\"http:\/\/servicios.infoleg.gob.ar\/infolegInternet\/anexos\/190000-194999\/193616\/norma.htm\"><span style=\"color: #000000; text-decoration: underline;\"><strong><span style=\"color: #ff6600; text-decoration: underline;\">Resoluci\u00f3n SRT N\u00ba 84\/12<\/span><\/strong><\/span><\/a><\/span> y es de realizaci\u00f3n obligatoria para todos aquellos que deban medir el nivel de iluminaci\u00f3n en ambiente laboral.<br \/>Sobre los resultados obtenidos producto de la medici\u00f3n, se analizan alternativas de mejoras, optimizaci\u00f3n en las luminarias existentes y en luces de emergencia.<\/p><p><u><b>&#8211; Medici\u00f3n de contaminantes qu\u00edmicos:<\/b><\/u><br \/>Realizamos las mediciones seg\u00fan Protocolo de medici\u00f3n de contaminantes qu\u00edmicos: este protocolo se encuentra establecido en <a href=\"https:\/\/www.srt.gob.ar\/images\/pdf\/Rs861-15_Contaminantes_Quimicos.PDF\"><span style=\"text-decoration: underline;\"><span style=\"color: #000000; text-decoration: underline;\"><strong><span style=\"color: #ff6600; text-decoration: underline;\">Resoluci\u00f3n SRT N\u00ba 861\/15<\/span><\/strong><\/span><\/span><\/a> y es de realizaci\u00f3n obligatoria para todos aquellos que deban medir el nivel de contaminantes qu\u00edmicos en el aire de un ambiente de trabajo.<br \/>EPP: En base a los datos obtenidos y los contaminantes presentes en el ambiente se establece el elemento de protecci\u00f3n respiratorio m\u00e1s adecuado para la tarea y\/o el puesto de trabajo evaluado.-<br \/>Ambiente: realizamos un estudio de los contaminantes presentes en el lugar y la manera m\u00e1s efectiva de eliminar los mismos con medios de extracci\u00f3n adecuados. Par ello realizamos estudios de ventilaci\u00f3n general y \/o localizada con diferentes alternativas.-<\/p><p><u><b>&#8211; Protocolo de ergonom\u00eda:<\/b><\/u><br \/>Realizamos protocolos de ergonom\u00eda para determinar presencia de sobreesfuerzos lumbares producto del levantamiento, arrastre o empuje de cargas. <strong><span style=\"color: #ff6600;\"><span style=\"text-decoration: underline;\"><a style=\"color: #ff6600; text-decoration: underline;\" href=\"https:\/\/www.srt.gob.ar\/wp-content\/uploads\/2014\/03\/images_pdf_Resolucion_866-15_Ergonomia.pdf\">Resoluci\u00f3n SRT N\u00ba 886\/15<\/a><\/span><\/span><\/strong>. En base a los resultados obtenidos se eval\u00faan mejoras en puestos de trabajo.<br \/>Tambi\u00e9n realizamos Informes de Ergonom\u00eda para tareas de oficina evaluando aspectos posturales y reordenamiento de mobiliario y equipos utilizados.<\/p><p><u><b>&#8211; Medici\u00f3n de puesta a tierra:<\/b><\/u><br \/>Este protocolo este protocolo se encuentra establecido en <strong><span style=\"text-decoration: underline; color: #ff6600;\"><a style=\"color: #ff6600; text-decoration: underline;\" href=\"https:\/\/www.srt.gob.ar\/wp-content\/uploads\/2014\/03\/images_pdf_Resolucion_900-15_Puesta_a_tierra.pdf\">Resoluci\u00f3n SRT N\u00ba 900\/15<\/a><\/span><span style=\"color: #ff6600;\">\u00a0<\/span><\/strong>y es de realizaci\u00f3n obligatoria para todos aquellos que deban medir puesta a tierra y continuidad de masas en ambiente laboral.<\/p><p><u><b>&#8211; Medici\u00f3n de vibraciones:<\/b><\/u><br \/>Las vibraciones son muy comunes en operaciones laborales y no se les da la importancia que merecen como generadoras de numerosos da\u00f1os en el organismo. Estas pueden ser vibraciones segmentales (mano-brazo) o del cuerpo entero. Como m\u00e9todo de control y de prevenci\u00f3n de estos da\u00f1os realizamos las mediciones con equipos adecuados.<\/p><p><u><b>&#8211; Aparatos Sometidos a Presi\u00f3n:<\/b><\/u><br \/>Verificaci\u00f3n de tanques de Compresores, en un todo de acuerdo a la Legislaci\u00f3n vigente: Incluye Inspecci\u00f3n peri\u00f3dica con Medici\u00f3n de espesores de la chapa de los tanques, Habilitaci\u00f3n y Extensi\u00f3n de vida \u00fatil con Prueba hidr\u00e1ulica con bomba de presi\u00f3n, Verificaci\u00f3n de man\u00f3metros y C\u00e1lculo y Verificaci\u00f3n de v\u00e1lvulas de Seguridad.<\/p>\t\t\t\t\t\t<\/div>\n\t\t\t\t<\/div>\n\t\t\t\t\t<\/div>\n\t\t<\/div>\n\t\t\t\t\t\t\t<\/div>\n\t\t<\/section>\n\t\t\t\t\t\t\t<\/div>\n\t\t","protected":false},"excerpt":{"rendered":"<p>Mediciones &#8211; Mediciones de ruido:Realizamos las mediciones seg\u00fan Protocolo de ruido: este protocolo se encuentra establecido en\u00a0Resoluci\u00f3n SRT N\u00ba 85\/12\u00a0y es de realizaci\u00f3n obligatoria para todos aquellos que deban medir el nivel de ruido en ambiente laboral.EPP: Esta medici\u00f3n se realiza con son\u00f3metro integrador de manera de obtener el nivel sonoro continuo equivalente en bandas &hellip;<\/p>\n<p class=\"read-more\"> <a class=\"\" href=\"https:\/\/gafingenieria.ar\/index.php\/mediciones\/\"> <span class=\"screen-reader-text\">Medici\u00f3nes<\/span> Leer m\u00e1s &raquo;<\/a><\/p>\n","protected":false},"author":1,"featured_media":0,"parent":0,"menu_order":0,"comment_status":"closed","ping_status":"closed","template":"","meta":{"spay_email":"","_joinchat":[],"footnotes":""},"class_list":["post-22","page","type-page","status-publish","hentry"],"jetpack-related-posts":[{"id":534,"url":"https:\/\/gafingenieria.ar\/index.php\/servicios-de-la-energia\/","url_meta":{"origin":22,"position":0},"title":"Servicios de la energ\u00eda","date":"13 octubre, 2021","format":false,"excerpt":"Servicios de la energ\u00eda Proyecto, Direcci\u00f3n T\u00e9cnica y Ejecutiva de Obras El\u00e9ctricas y Electromec\u00e1nicas en Baja (220\/380V) y Media Tensi\u00f3n (13,2 y 33kV): Contempla redes el\u00e9ctricas de todo tipo, inclu\u00eddas l\u00edneas rurales trif\u00e1sicas y retorno monof\u00e1sico por tierra (MRT), Subestaciones de rebaje 33\/13,2kV y de distribuci\u00f3n de 13,2\/33 kV a\u2026","rel":"","context":"Entrada similar ","img":{"alt_text":"","src":"","width":0,"height":0},"classes":[]},{"id":1106,"url":"https:\/\/gafingenieria.ar\/index.php\/nuestros-clientes\/","url_meta":{"origin":22,"position":1},"title":"Nuestros Clientes","date":"20 noviembre, 2021","format":false,"excerpt":"Nuestros clientes GAUCHOMIXAsesoramiento en higiene y seguridad- mediciones CERAMICA BLANCAOptimizaci\u00f3n de procesos productivos PRODULACAsesoramiento en higiene y seguridad- mediciones AXIONAsesoramiento en higiene y seguridad- mediciones SULVATAsesoramiento en higiene y seguridad- mediciones- implementaci\u00f3n Sistema de Gesti\u00f3n de la Calidad Informes T\u00e9cnicos para habilitaciones municipales- provinciales:Cooperativa de provision de servicios productores agr\u00edcolas\u2026","rel":"","context":"Entrada similar ","img":{"alt_text":"","src":"","width":0,"height":0},"classes":[]},{"id":724,"url":"https:\/\/gafingenieria.ar\/index.php\/seguridad-e-higiene\/","url_meta":{"origin":22,"position":2},"title":"Seguridad e higiene","date":"15 octubre, 2021","format":false,"excerpt":"Seguridad e higiene - Servicio de higiene y seguridad en el trabajo:Asesoramiento profesional a Industrias, Comercios, Agro, Construcci\u00f3n, Telecomunicaciones.Prevenci\u00f3n de riesgos espec\u00edficos.- Mediciones de ambientes de trabajo:Medici\u00f3n, an\u00e1lisis e informe de ambientes presentes en los distintos puestos de trabajo o la exposici\u00f3n de trabajadores a los diferentes factores de riesgo.\u2026","rel":"","context":"Entrada similar ","img":{"alt_text":"","src":"","width":0,"height":0},"classes":[]},{"id":725,"url":"https:\/\/gafingenieria.ar\/index.php\/soluciones-ambientales\/","url_meta":{"origin":22,"position":3},"title":"Soluciones ambientales","date":"15 octubre, 2021","format":false,"excerpt":"Soluciones ambientales - Sistema Integral de Tr\u00e1mites para el Desarrollo TerritorialAsesoramiento en el nuevo Portal Integrado de Tr\u00e1mites ante OPDS y ADA, la nueva exigencia para todas las empresas de la Provincia de Buenos Aires.OPDS- Emisi\u00f3n y Renovaci\u00f3n de Certificado de Aptitud Ambiental ( EIA y Auditor\u00eda Ambiental)- Alta, Clasificaci\u00f3n\u2026","rel":"","context":"Entrada similar ","img":{"alt_text":"","src":"","width":0,"height":0},"classes":[]},{"id":20,"url":"https:\/\/gafingenieria.ar\/","url_meta":{"origin":22,"position":4},"title":"Inicio","date":"26 noviembre, 2018","format":false,"excerpt":"servicio de consultor\u00eda profesional a industrias, comercios, agro y construcci\u00f3n Nuestros Servicios Servicios de la energ\u00eda Proyecto, Direcci\u00f3n T\u00e9cnica y Ejecutiva de Obras El\u00e9ctricas y Electromec\u00e1nicas en Baja (220\/380V) y Media Tensi\u00f3n (13,2 y 33kV) Conoce m\u00e1s Seguridad e higiene Servicio de higiene y seguridad en el trabajo, mediciones de\u2026","rel":"","context":"Entrada similar ","img":{"alt_text":"","src":"https:\/\/i0.wp.com\/gafingenieria.ar\/wp-content\/uploads\/2021\/11\/logo-todo-blanco.png?resize=350%2C200&ssl=1","width":350,"height":200},"classes":[]}],"_links":{"self":[{"href":"https:\/\/gafingenieria.ar\/index.php\/wp-json\/wp\/v2\/pages\/22","targetHints":{"allow":["GET"]}}],"collection":[{"href":"https:\/\/gafingenieria.ar\/index.php\/wp-json\/wp\/v2\/pages"}],"about":[{"href":"https:\/\/gafingenieria.ar\/index.php\/wp-json\/wp\/v2\/types\/page"}],"author":[{"embeddable":true,"href":"https:\/\/gafingenieria.ar\/index.php\/wp-json\/wp\/v2\/users\/1"}],"replies":[{"embeddable":true,"href":"https:\/\/gafingenieria.ar\/index.php\/wp-json\/wp\/v2\/comments?post=22"}],"version-history":[{"count":60,"href":"https:\/\/gafingenieria.ar\/index.php\/wp-json\/wp\/v2\/pages\/22\/revisions"}],"predecessor-version":[{"id":1249,"href":"https:\/\/gafingenieria.ar\/index.php\/wp-json\/wp\/v2\/pages\/22\/revisions\/1249"}],"wp:attachment":[{"href":"https:\/\/gafingenieria.ar\/index.php\/wp-json\/wp\/v2\/media?parent=22"}],"curies":[{"name":"wp","href":"https:\/\/api.w.org\/{rel}","templated":true}]}}